{"id":140,"date":"2020-03-20T10:30:12","date_gmt":"2020-03-20T10:30:12","guid":{"rendered":"https:\/\/www.asbeko.ch\/new\/?page_id=140"},"modified":"2026-01-12T14:20:43","modified_gmt":"2026-01-12T14:20:43","slug":"schulung","status":"publish","type":"page","link":"https:\/\/www.asbeko.ch\/new\/?page_id=140","title":{"rendered":"SCHULUNG"},"content":{"rendered":"\t\t<div data-elementor-type=\"wp-page\" data-elementor-id=\"140\" class=\"elementor elementor-140\">\n\t\t\t\t\t\t<section class=\"elementor-section elementor-top-section elementor-element elementor-element-274bf0e2 elementor-section-height-min-height elementor-section-items-top elementor-section-boxed elementor-section-height-default\" data-id=\"274bf0e2\" data-element_type=\"section\" data-settings=\"{&quot;background_background&quot;:&quot;classic&quot;,&quot;shape_divider_bottom&quot;:&quot;triangle-asymmetrical&quot;,&quot;shape_divider_bottom_negative&quot;:&quot;yes&quot;}\">\n\t\t\t\t\t\t\t<div class=\"elementor-background-overlay\"><\/div>\n\t\t\t\t\t\t<div class=\"elementor-shape elementor-shape-bottom\" aria-hidden=\"true\" data-negative=\"true\">\n\t\t\t<svg xmlns=\"http:\/\/www.w3.org\/2000\/svg\" viewBox=\"0 0 1000 100\" preserveAspectRatio=\"none\">\n\t<path class=\"elementor-shape-fill\" d=\"M737.9,94.7L0,0v100h1000V0L737.9,94.7z\"\/>\n<\/svg>\t\t<\/div>\n\t\t\t\t\t<div class=\"elementor-container elementor-column-gap-default\">\n\t\t\t\t\t<div class=\"elementor-column elementor-col-100 elementor-top-column elementor-element elementor-element-6401c3c5\" data-id=\"6401c3c5\" data-element_type=\"column\" data-settings=\"{&quot;animation&quot;:&quot;none&quot;}\">\n\t\t\t<div class=\"elementor-widget-wrap elementor-element-populated\">\n\t\t\t\t\t\t<div class=\"elementor-element elementor-element-4c0aa3e8 elementor-widget elementor-widget-heading\" data-id=\"4c0aa3e8\" data-element_type=\"widget\" data-widget_type=\"heading.default\">\n\t\t\t\t<div class=\"elementor-widget-container\">\n\t\t\t\t\t<h1 class=\"elementor-heading-title elementor-size-default\">SCHULUNG<\/h1>\t\t\t\t<\/div>\n\t\t\t\t<\/div>\n\t\t\t\t<div class=\"elementor-element elementor-element-3b168064 elementor-widget elementor-widget-text-editor\" data-id=\"3b168064\" data-element_type=\"widget\" data-widget_type=\"text-editor.default\">\n\t\t\t\t<div class=\"elementor-widget-container\">\n\t\t\t\t\t\t\t\t\t<p>DIE ERFAHRUNG AUS DER PRAXIS IN DIE UMSETZUNG VON AUSBILDUNG UND INSTRUKTION EINFLIESEN LASSEN.<\/p>\t\t\t\t\t\t\t\t<\/div>\n\t\t\t\t<\/div>\n\t\t\t\t\t<\/div>\n\t\t<\/div>\n\t\t\t\t\t<\/div>\n\t\t<\/section>\n\t\t\t\t<section class=\"elementor-section elementor-top-section elementor-element elementor-element-0ff5699 elementor-section-boxed elementor-section-height-default elementor-section-height-default\" data-id=\"0ff5699\" data-element_type=\"section\">\n\t\t\t\t\t\t<div class=\"elementor-container elementor-column-gap-wide\">\n\t\t\t\t\t<div class=\"elementor-column elementor-col-100 elementor-top-column elementor-element elementor-element-5d4b297\" data-id=\"5d4b297\" data-element_type=\"column\" data-settings=\"{&quot;background_background&quot;:&quot;classic&quot;}\">\n\t\t\t<div class=\"elementor-widget-wrap elementor-element-populated\">\n\t\t\t\t\t\t<div class=\"elementor-element elementor-element-e3c85c8 elementor-position-left elementor-vertical-align-top elementor-widget elementor-widget-image-box\" data-id=\"e3c85c8\" data-element_type=\"widget\" data-widget_type=\"image-box.default\">\n\t\t\t\t<div class=\"elementor-widget-container\">\n\t\t\t\t\t<div class=\"elementor-image-box-wrapper\"><figure class=\"elementor-image-box-img\"><img decoding=\"async\" src=\"https:\/\/www.asbeko.ch\/new\/wp-content\/uploads\/elementor\/thumbs\/Ai_schild-omr2nhc7f7j5bhwrs02p83dk37ce8dwyv84m03lpgg.jpg\" title=\"Ai_schild\" alt=\"Ai_schild\" loading=\"lazy\" \/><\/figure><div class=\"elementor-image-box-content\"><h3 class=\"elementor-image-box-title\">Gesetzliche Grundlage\u200b<\/h3><p class=\"elementor-image-box-description\">Alle Kurse beinhaltet die Gesetzliche Grundlage.<\/p><\/div><\/div>\t\t\t\t<\/div>\n\t\t\t\t<\/div>\n\t\t\t\t<div class=\"elementor-element elementor-element-706e171 elementor-widget elementor-widget-heading\" data-id=\"706e171\" data-element_type=\"widget\" data-widget_type=\"heading.default\">\n\t\t\t\t<div class=\"elementor-widget-container\">\n\t\t\t\t\t<h3 class=\"elementor-heading-title elementor-size-default\">OR Art.32 , Schutz der Pers\u00f6nlichkeit des Arbeitnehmers<\/h3>\t\t\t\t<\/div>\n\t\t\t\t<\/div>\n\t\t\t\t<div class=\"elementor-element elementor-element-9816bf0 elementor-widget elementor-widget-text-editor\" data-id=\"9816bf0\" data-element_type=\"widget\" data-widget_type=\"text-editor.default\">\n\t\t\t\t<div class=\"elementor-widget-container\">\n\t\t\t\t\t\t\t\t\t<p>Der Grundsatz lautet, dass der Arbeitgeber f\u00fcr die Arbeitnehmer zum Schutz von Leben und\u00a0Gesundheit diejenigen Massnahmen treffen muss, die nach der Erfahrung, nach dem Stand der\u00a0Technik und den Verh\u00e4ltnissen des Betriebes notwendig sind.<\/p>\t\t\t\t\t\t\t\t<\/div>\n\t\t\t\t<\/div>\n\t\t\t\t<div class=\"elementor-element elementor-element-450bc15 elementor-widget elementor-widget-heading\" data-id=\"450bc15\" data-element_type=\"widget\" data-widget_type=\"heading.default\">\n\t\t\t\t<div class=\"elementor-widget-container\">\n\t\t\t\t\t<h3 class=\"elementor-heading-title elementor-size-default\">VUV Art 6<\/h3>\t\t\t\t<\/div>\n\t\t\t\t<\/div>\n\t\t\t\t<div class=\"elementor-element elementor-element-a61ec8f elementor-widget elementor-widget-text-editor\" data-id=\"a61ec8f\" data-element_type=\"widget\" data-widget_type=\"text-editor.default\">\n\t\t\t\t<div class=\"elementor-widget-container\">\n\t\t\t\t\t\t\t\t\t<p>Der Arbeitgeber sorgt daf\u00fcr, dass alle in seinem Betrieb besch\u00e4ftigten Arbeitnehmer, einschliesslich&nbsp;der dort t\u00e4tigen Arbeitnehmer eines anderen Betriebes, ausreichend und angemessen informiert und&nbsp;angeleitet werden \u00fcber die ihren T\u00e4tigkeiten auftretenden Gefahren sowie \u00fcber die Massnahmen der Arbeitssicherheit.<\/p>\t\t\t\t\t\t\t\t<\/div>\n\t\t\t\t<\/div>\n\t\t\t\t<div class=\"elementor-element elementor-element-276e278 elementor-widget elementor-widget-heading\" data-id=\"276e278\" data-element_type=\"widget\" data-widget_type=\"heading.default\">\n\t\t\t\t<div class=\"elementor-widget-container\">\n\t\t\t\t\t<h3 class=\"elementor-heading-title elementor-size-default\">VUV Art 8<\/h3>\t\t\t\t<\/div>\n\t\t\t\t<\/div>\n\t\t\t\t<div class=\"elementor-element elementor-element-2eb65f5 elementor-widget elementor-widget-text-editor\" data-id=\"2eb65f5\" data-element_type=\"widget\" data-widget_type=\"text-editor.default\">\n\t\t\t\t<div class=\"elementor-widget-container\">\n\t\t\t\t\t\t\t\t\t<p>Der Arbeitgeber darf Arbeiten mit besonderen Gefahren nur Arbeitnehmern \u00fcbertragen, die daf\u00fcr\u00a0entsprechend ausgebildet sind. Wird eine gef\u00e4hrliche Arbeit von einem Arbeitnehmer allein\u00a0ausgef\u00fchrt, so muss ihn der Arbeitgeber \u00fcberwachen lassen.<\/p>\t\t\t\t\t\t\t\t<\/div>\n\t\t\t\t<\/div>\n\t\t\t\t\t<\/div>\n\t\t<\/div>\n\t\t\t\t\t<\/div>\n\t\t<\/section>\n\t\t\t\t<section class=\"elementor-section elementor-top-section elementor-element elementor-element-44e6c62f elementor-section-boxed elementor-section-height-default elementor-section-height-default\" data-id=\"44e6c62f\" data-element_type=\"section\" data-settings=\"{&quot;background_background&quot;:&quot;classic&quot;}\">\n\t\t\t\t\t\t<div class=\"elementor-container elementor-column-gap-wide\">\n\t\t\t\t\t<div class=\"elementor-column elementor-col-100 elementor-top-column elementor-element elementor-element-5a823a63\" data-id=\"5a823a63\" data-element_type=\"column\">\n\t\t\t<div class=\"elementor-widget-wrap elementor-element-populated\">\n\t\t\t\t\t\t<div class=\"elementor-element elementor-element-37c4cdfd elementor-position-left elementor-vertical-align-middle elementor-widget elementor-widget-image-box\" data-id=\"37c4cdfd\" data-element_type=\"widget\" data-settings=\"{&quot;_animation&quot;:&quot;none&quot;}\" data-widget_type=\"image-box.default\">\n\t\t\t\t<div class=\"elementor-widget-container\">\n\t\t\t\t\t<div class=\"elementor-image-box-wrapper\"><figure class=\"elementor-image-box-img\"><a href=\"https:\/\/www.asbeko.ch\/new\/?page_id=176\" tabindex=\"-1\"><img decoding=\"async\" width=\"150\" height=\"150\" src=\"https:\/\/www.asbeko.ch\/new\/wp-content\/uploads\/2020\/03\/008-crane-150x150.png\" class=\"attachment-thumbnail size-thumbnail wp-image-63\" alt=\"\" srcset=\"https:\/\/www.asbeko.ch\/new\/wp-content\/uploads\/2020\/03\/008-crane-150x150.png 150w, https:\/\/www.asbeko.ch\/new\/wp-content\/uploads\/2020\/03\/008-crane-300x300.png 300w, https:\/\/www.asbeko.ch\/new\/wp-content\/uploads\/2020\/03\/008-crane.png 512w\" sizes=\"(max-width: 150px) 100vw, 150px\" \/><\/a><\/figure><div class=\"elementor-image-box-content\"><h3 class=\"elementor-image-box-title\"><a href=\"https:\/\/www.asbeko.ch\/new\/?page_id=176\">Flurgesteuerte Industriekrane und Anschlagen von Lasten<\/a><\/h3><p class=\"elementor-image-box-description\">\u2022 Gesetzliche Grundlagen<br>\u2022 Kranverordnung der Kat C<br>\u2022 PSA<br>\u2022 Kenntnisse der Bauteile eines Krans<br>\u2022 Kenntnisse der Eigenschaften der Anschlagmittel<br>\u2022 Aufh\u00e4ngesysteme im Holzbau<br>\u2022 Praktische \u00dcbungen<\/p><\/div><\/div>\t\t\t\t<\/div>\n\t\t\t\t<\/div>\n\t\t\t\t<div class=\"elementor-element elementor-element-017c429 elementor-position-left elementor-vertical-align-middle elementor-widget elementor-widget-image-box\" data-id=\"017c429\" data-element_type=\"widget\" data-settings=\"{&quot;_animation&quot;:&quot;none&quot;}\" data-widget_type=\"image-box.default\">\n\t\t\t\t<div class=\"elementor-widget-container\">\n\t\t\t\t\t<div class=\"elementor-image-box-wrapper\"><figure class=\"elementor-image-box-img\"><a href=\"https:\/\/www.asbeko.ch\/new\/?page_id=224\" tabindex=\"-1\"><img decoding=\"async\" width=\"150\" height=\"150\" src=\"https:\/\/www.asbeko.ch\/new\/wp-content\/uploads\/2020\/03\/009-hydraulic-150x150.png\" class=\"attachment-thumbnail size-thumbnail wp-image-64\" alt=\"Hubarbeitsb\u00fchne\" srcset=\"https:\/\/www.asbeko.ch\/new\/wp-content\/uploads\/2020\/03\/009-hydraulic-150x150.png 150w, https:\/\/www.asbeko.ch\/new\/wp-content\/uploads\/2020\/03\/009-hydraulic-300x300.png 300w, https:\/\/www.asbeko.ch\/new\/wp-content\/uploads\/2020\/03\/009-hydraulic.png 512w\" sizes=\"(max-width: 150px) 100vw, 150px\" \/><\/a><\/figure><div class=\"elementor-image-box-content\"><h3 class=\"elementor-image-box-title\"><a href=\"https:\/\/www.asbeko.ch\/new\/?page_id=224\">Hubarbeitsb\u00fchnen Bedienerschulung VSAA<\/a><\/h3><p class=\"elementor-image-box-description\">\u2022 Gesetzliche Grundlagen<br>\u2022 EN 280 \/ Herstellerinformationen<br>\u2022 PSA<br>\u2022 Gefahren im Umgang mit einer Hubarbeitsb\u00fchne<br>\u2022 Kenntnisse der verschiedenen Bauarten und deren Einsatzm\u00f6glichkeiten<br>\u2022 Notablasssystem in der praxis umsetzen<br>\u2022 Praktische Fahr\u00fcbungen<\/p><\/div><\/div>\t\t\t\t<\/div>\n\t\t\t\t<\/div>\n\t\t\t\t<div class=\"elementor-element elementor-element-31badf8 elementor-position-left elementor-vertical-align-middle elementor-widget elementor-widget-image-box\" data-id=\"31badf8\" data-element_type=\"widget\" data-settings=\"{&quot;_animation&quot;:&quot;none&quot;}\" data-widget_type=\"image-box.default\">\n\t\t\t\t<div class=\"elementor-widget-container\">\n\t\t\t\t\t<div class=\"elementor-image-box-wrapper\"><figure class=\"elementor-image-box-img\"><a href=\"https:\/\/www.asbeko.ch\/new\/?page_id=270\" tabindex=\"-1\"><img decoding=\"async\" width=\"150\" height=\"150\" src=\"https:\/\/www.asbeko.ch\/new\/wp-content\/uploads\/2020\/03\/012-chainsaw-150x150.png\" class=\"attachment-thumbnail size-thumbnail wp-image-67\" alt=\"Motors\u00e4ge\" srcset=\"https:\/\/www.asbeko.ch\/new\/wp-content\/uploads\/2020\/03\/012-chainsaw-150x150.png 150w, https:\/\/www.asbeko.ch\/new\/wp-content\/uploads\/2020\/03\/012-chainsaw-300x300.png 300w, https:\/\/www.asbeko.ch\/new\/wp-content\/uploads\/2020\/03\/012-chainsaw.png 512w\" sizes=\"(max-width: 150px) 100vw, 150px\" \/><\/a><\/figure><div class=\"elementor-image-box-content\"><h3 class=\"elementor-image-box-title\"><a href=\"https:\/\/www.asbeko.ch\/new\/?page_id=270\">Kettens\u00e4ge Grundkurs BAU<\/a><\/h3><p class=\"elementor-image-box-description\">\u2022 Gesetzliche Grundlagen<br>\u2022 Alternativen<br>\u2022 PSA<br>\u2022 Ger\u00e4tekenntnisse<br>\u2022 Praktische Anwendung von L\u00e4ngs-Trenn und Stechschnitten<br>\u2022 Einfache Spannungsschnitte<br>\u2022 Wartung und Reinigung<\/p><\/div><\/div>\t\t\t\t<\/div>\n\t\t\t\t<\/div>\n\t\t\t\t<div class=\"elementor-element elementor-element-b78eb8e elementor-position-left elementor-vertical-align-middle elementor-widget elementor-widget-image-box\" data-id=\"b78eb8e\" data-element_type=\"widget\" data-settings=\"{&quot;_animation&quot;:&quot;none&quot;}\" data-widget_type=\"image-box.default\">\n\t\t\t\t<div class=\"elementor-widget-container\">\n\t\t\t\t\t<div class=\"elementor-image-box-wrapper\"><figure class=\"elementor-image-box-img\"><a href=\"https:\/\/www.asbeko.ch\/new\/?page_id=286\" tabindex=\"-1\"><img loading=\"lazy\" decoding=\"async\" width=\"150\" height=\"150\" src=\"https:\/\/www.asbeko.ch\/new\/wp-content\/uploads\/2020\/03\/001-moving-truck-150x150.png\" class=\"attachment-thumbnail size-thumbnail wp-image-56\" alt=\"Laster\" srcset=\"https:\/\/www.asbeko.ch\/new\/wp-content\/uploads\/2020\/03\/001-moving-truck-150x150.png 150w, https:\/\/www.asbeko.ch\/new\/wp-content\/uploads\/2020\/03\/001-moving-truck-300x300.png 300w, https:\/\/www.asbeko.ch\/new\/wp-content\/uploads\/2020\/03\/001-moving-truck.png 512w\" sizes=\"(max-width: 150px) 100vw, 150px\" \/><\/a><\/figure><div class=\"elementor-image-box-content\"><h3 class=\"elementor-image-box-title\"><a href=\"https:\/\/www.asbeko.ch\/new\/?page_id=286\">Ladungssicherung<\/a><\/h3><p class=\"elementor-image-box-description\">\u2022 Gesetzliche Grundlagen<br>\u2022 Grunds\u00e4tze der Ladungssicherung<br>\u2022 Ausweise und Fahrzeuge<br>\u2022 Wirkende Kr\u00e4fte, Reibwerte, Zurrmittel<br>\u2022 Praktische Anwendung von Kraftschluss und Formschluss<br>\u2022 Achslasten und St\u00fctzlasten<br>\u2022 Praktische \u00dcbungen mit verschiedenen Lasten<br>\u2022 Wartung und Reinigung<\/p><\/div><\/div>\t\t\t\t<\/div>\n\t\t\t\t<\/div>\n\t\t\t\t<div class=\"elementor-element elementor-element-3066472 elementor-position-left elementor-vertical-align-middle elementor-widget elementor-widget-image-box\" data-id=\"3066472\" data-element_type=\"widget\" data-widget_type=\"image-box.default\">\n\t\t\t\t<div class=\"elementor-widget-container\">\n\t\t\t\t\t<div class=\"elementor-image-box-wrapper\"><figure class=\"elementor-image-box-img\"><img decoding=\"async\" width=\"150\" height=\"150\" src=\"https:\/\/www.asbeko.ch\/new\/wp-content\/uploads\/2020\/03\/008-crane-150x150.png\" class=\"attachment-thumbnail size-thumbnail wp-image-63\" alt=\"\" srcset=\"https:\/\/www.asbeko.ch\/new\/wp-content\/uploads\/2020\/03\/008-crane-150x150.png 150w, https:\/\/www.asbeko.ch\/new\/wp-content\/uploads\/2020\/03\/008-crane-300x300.png 300w, https:\/\/www.asbeko.ch\/new\/wp-content\/uploads\/2020\/03\/008-crane.png 512w\" sizes=\"(max-width: 150px) 100vw, 150px\" \/><\/figure><div class=\"elementor-image-box-content\"><h3 class=\"elementor-image-box-title\"> Anschlagen von Lasten<\/h3><p class=\"elementor-image-box-description\"><br> Gesetzliche Grundlage<br>\nKranverordnung<br>PSA<br>Kenntnisse der Eigenschaften der Lastaufnahme und der Anschlagmittel<br>Aufh\u00e4ngesystem im Holzbau<br>Praktische \u00dcbungen<\/p><\/div><\/div>\t\t\t\t<\/div>\n\t\t\t\t<\/div>\n\t\t\t\t\t<\/div>\n\t\t<\/div>\n\t\t\t\t\t<\/div>\n\t\t<\/section>\n\t\t\t\t<section class=\"elementor-section elementor-top-section elementor-element elementor-element-d641102 elementor-section-boxed elementor-section-height-default elementor-section-height-default\" data-id=\"d641102\" data-element_type=\"section\">\n\t\t\t\t\t\t<div class=\"elementor-container elementor-column-gap-default\">\n\t\t\t\t\t<div class=\"elementor-column elementor-col-100 elementor-top-column elementor-element elementor-element-34a835e\" data-id=\"34a835e\" data-element_type=\"column\">\n\t\t\t<div class=\"elementor-widget-wrap\">\n\t\t\t\t\t\t\t<\/div>\n\t\t<\/div>\n\t\t\t\t\t<\/div>\n\t\t<\/section>\n\t\t\t\t<\/div>\n\t\t","protected":false},"excerpt":{"rendered":"<p>SCHULUNG DIE ERFAHRUNG AUS DER PRAXIS IN DIE UMSETZUNG VON AUSBILDUNG UND INSTRUKTION EINFLIESEN LASSEN. Gesetzliche Grundlage\u200b Alle Kurse beinhaltet die Gesetzliche Grundlage. OR Art.32 , Schutz der Pers\u00f6nlichkeit des Arbeitnehmers Der Grundsatz lautet, dass der Arbeitgeber f\u00fcr die Arbeitnehmer zum Schutz von Leben und\u00a0Gesundheit diejenigen Massnahmen treffen muss, die nach der Erfahrung, nach dem [&hellip;]<\/p>\n","protected":false},"author":1,"featured_media":0,"parent":0,"menu_order":0,"comment_status":"closed","ping_status":"closed","template":"","meta":{"site-sidebar-layout":"no-sidebar","site-content-layout":"page-builder","ast-site-content-layout":"default","site-content-style":"default","site-sidebar-style":"default","ast-global-header-display":"","ast-banner-title-visibility":"","ast-main-header-display":"","ast-hfb-above-header-display":"","ast-hfb-below-header-display":"","ast-hfb-mobile-header-display":"","site-post-title":"disabled","ast-breadcrumbs-content":"","ast-featured-img":"disabled","footer-sml-layout":"","theme-transparent-header-meta":"default","adv-header-id-meta":"","stick-header-meta":"","header-above-stick-meta":"","header-main-stick-meta":"","header-below-stick-meta":"","astra-migrate-meta-layouts":"default","ast-page-background-enabled":"default","ast-page-background-meta":{"desktop":{"background-color":"","background-image":"","background-repeat":"repeat","background-position":"center center","background-size":"auto","background-attachment":"scroll","background-type":"","background-media":"","overlay-type":"","overlay-color":"","overlay-opacity":"","overlay-gradient":""},"tablet":{"background-color":"","background-image":"","background-repeat":"repeat","background-position":"center center","background-size":"auto","background-attachment":"scroll","background-type":"","background-media":"","overlay-type":"","overlay-color":"","overlay-opacity":"","overlay-gradient":""},"mobile":{"background-color":"","background-image":"","background-repeat":"repeat","background-position":"center center","background-size":"auto","background-attachment":"scroll","background-type":"","background-media":"","overlay-type":"","overlay-color":"","overlay-opacity":"","overlay-gradient":""}},"ast-content-background-meta":{"desktop":{"background-color":"var(--ast-global-color-5)","background-image":"","background-repeat":"repeat","background-position":"center center","background-size":"auto","background-attachment":"scroll","background-type":"","background-media":"","overlay-type":"","overlay-color":"","overlay-opacity":"","overlay-gradient":""},"tablet":{"background-color":"var(--ast-global-color-5)","background-image":"","background-repeat":"repeat","background-position":"center center","background-size":"auto","background-attachment":"scroll","background-type":"","background-media":"","overlay-type":"","overlay-color":"","overlay-opacity":"","overlay-gradient":""},"mobile":{"background-color":"var(--ast-global-color-5)","background-image":"","background-repeat":"repeat","background-position":"center center","background-size":"auto","background-attachment":"scroll","background-type":"","background-media":"","overlay-type":"","overlay-color":"","overlay-opacity":"","overlay-gradient":""}},"footnotes":""},"class_list":["post-140","page","type-page","status-publish","hentry"],"_links":{"self":[{"href":"https:\/\/www.asbeko.ch\/new\/index.php?rest_route=\/wp\/v2\/pages\/140","targetHints":{"allow":["GET"]}}],"collection":[{"href":"https:\/\/www.asbeko.ch\/new\/index.php?rest_route=\/wp\/v2\/pages"}],"about":[{"href":"https:\/\/www.asbeko.ch\/new\/index.php?rest_route=\/wp\/v2\/types\/page"}],"author":[{"embeddable":true,"href":"https:\/\/www.asbeko.ch\/new\/index.php?rest_route=\/wp\/v2\/users\/1"}],"replies":[{"embeddable":true,"href":"https:\/\/www.asbeko.ch\/new\/index.php?rest_route=%2Fwp%2Fv2%2Fcomments&post=140"}],"version-history":[{"count":83,"href":"https:\/\/www.asbeko.ch\/new\/index.php?rest_route=\/wp\/v2\/pages\/140\/revisions"}],"predecessor-version":[{"id":12526,"href":"https:\/\/www.asbeko.ch\/new\/index.php?rest_route=\/wp\/v2\/pages\/140\/revisions\/12526"}],"wp:attachment":[{"href":"https:\/\/www.asbeko.ch\/new\/index.php?rest_route=%2Fwp%2Fv2%2Fmedia&parent=140"}],"curies":[{"name":"wp","href":"https:\/\/api.w.org\/{rel}","templated":true}]}}