{"id":531,"date":"2020-03-30T09:00:58","date_gmt":"2020-03-30T09:00:58","guid":{"rendered":"https:\/\/www.asbeko.ch\/new\/?page_id=531"},"modified":"2020-03-30T09:49:48","modified_gmt":"2020-03-30T09:49:48","slug":"cookie-richtlinie-2","status":"publish","type":"page","link":"https:\/\/www.asbeko.ch\/new\/?page_id=531","title":{"rendered":"Cookie Richtlinie"},"content":{"rendered":"\t\t<div data-elementor-type=\"wp-page\" data-elementor-id=\"531\" class=\"elementor elementor-531\">\n\t\t\t\t\t\t<section class=\"elementor-section elementor-top-section elementor-element elementor-element-40896f7 elementor-section-content-middle elementor-section-boxed elementor-section-height-default elementor-section-height-default\" data-id=\"40896f7\" data-element_type=\"section\" data-settings=\"{&quot;background_background&quot;:&quot;gradient&quot;}\">\n\t\t\t\t\t\t<div class=\"elementor-container elementor-column-gap-default\">\n\t\t\t\t\t<div class=\"elementor-column elementor-col-100 elementor-top-column elementor-element elementor-element-a69e90c\" data-id=\"a69e90c\" data-element_type=\"column\" data-settings=\"{&quot;background_background&quot;:&quot;classic&quot;}\">\n\t\t\t<div class=\"elementor-widget-wrap elementor-element-populated\">\n\t\t\t\t\t\t<div class=\"elementor-element elementor-element-00972b7 elementor-widget elementor-widget-text-editor\" data-id=\"00972b7\" data-element_type=\"widget\" data-widget_type=\"text-editor.default\">\n\t\t\t\t<div class=\"elementor-widget-container\">\n\t\t\t\t\t\t\t\t\t\n<p><strong>Was sind Cookies?<\/strong>&nbsp;\n<br>\nCookies sind kleine Datenteile, die an den Computer ausgegeben werden, wenn Sie eine Webseite besuchen, und in denen Informationen zu Ihrer Nutzung einer Webseite gespeichert und gelegentlich verfolgt werden. Einige der von Ricoh verwendeten Cookies sind nur f\u00fcr die Dauer der Internetsitzung g\u00fcltig und laufen ab, wenn Sie den Browser schliessen. Andere Cookies werden f\u00fcr l\u00e4ngere Zeit gespeichert, wenn Ricoh z. B. Ihre Anmeldedaten f\u00fcr den n\u00e4chsten Besuch der Webseite speichern soll.&nbsp;\n<br><br><strong>Warum werden Cookies verwendet?<\/strong>&nbsp;\n<br>\nRicoh verwendet Cookies, um die Qualit\u00e4t und Benutzerfreundlichkeit der Webseite zu verbessern und Ihnen einen besseren Service zu bieten. Mit Cookies kann Ricoh die Nutzung der Webseite \u00fcberwachen und analysieren.\n<br>\nDie auf der Webseite verwendeten Cookies werden weiter unten erl\u00e4utert und basieren auf der Richtlinie f\u00fcr Cookie-Kategorien der Internationalen Handelskammer.&nbsp;\n<br><br><strong>Unbedingt notwendige Cookies:&nbsp;\n<br><\/strong> Sind erforderlich f\u00fcr die Funktion der Webseite und erm\u00f6glichen es Ihnen, wesentliche Funktionen der Webseite zu verwenden.&nbsp;\n<br>\nDie wesentlichen Funktionen der Webseite erfordern unbedingt notwendige Cookies, damit die Webseite ordnungsgem\u00e4ss funktioniert und Sie in der Webseite navigieren und ihre Funktionen verwenden k\u00f6nnen. Die unbedingt notwendigen Cookies von Ricoh k\u00f6nnen ausserdem angeben, dass Sie bei der Webseite angemeldet sind und sicherstellen, dass Sie eine Verbindung zu gesicherten Bereichen der Webseite herstellen k\u00f6nnen. Wenn Sie diese Cookies nicht akzeptieren, k\u00f6nnen Sie die Webseite nicht verwenden, oder Teile der Webseite funktionieren nicht mehr ordnungsgem\u00e4ss.\n<br>\nDie folgende Liste enth\u00e4lt die auf der Webseite verwendeten Cookies, die als unbedingt notwendig eingestuft wurden:\n<br><\/p>\n\n\n\n<ul class=\"wp-block-list\"><li>ASPNET_SessionId<\/li><li>.ASPXAUTH<\/li><li>Esparto session<\/li><li>Media Centre<\/li><\/ul>\n\n\n\n<p><strong><br>\nLeistungs-Cookies:&nbsp;\n<br><\/strong> Erfassen Informationen zu Ihrer Nutzung der Webseite, damit wir die Qualit\u00e4t der Webseite und den Service verbessern k\u00f6nnen.\n<br><\/p>\n\n\n\n<ul class=\"wp-block-list\"><li>Ricoh hat keine der auf der Webseite verwendeten Cookies als Leistungs-Cookies identifiziert.<\/li><\/ul>\n\n\n\n<p><strong><br>\nFunktions-Cookies:&nbsp;\n<br><\/strong> Bieten Ihnen eine verbesserte Webseitenfunktion, indem Sie erm\u00f6glichen, dass Ricoh die Optionen speichert, die Sie auf der Webseite gew\u00e4hlt haben, um zuk\u00fcnftige Besuche der Webseite zu verbessern.&nbsp;\n<br>\nDurch die auf der Webseite verwendeten Funktions-Cookies erhalten Sie eine verbesserte Webseitenfunktion. Ausserdem kann Ricoh Ihren Anwendernamen und Ihr Passwort f\u00fcr zuk\u00fcnftige Besuche speichern und Sie anhand einer eindeutigen Anwender-ID als zur\u00fcckkehrenden Besucher erkennen. Diese Cookies k\u00f6nnen Informationen an Partner freigeben, um Services auf der Webseite anzubieten. Die weitergeleiteten Informationen dienen ausschliesslich zur Bereitstellung des Service, des Produkts oder der Funktion und nicht f\u00fcr andere Zwecke.\n<br>\nDie folgende Liste enth\u00e4lt die auf der Webseite verwendeten Cookies, die als Funktions-Cookies eingestuft wurden:\n<br><\/p>\n\n\n\n<ul class=\"wp-block-list\"><li>Anwendername und Passwort, Zugangsdaten-Cookie f\u00fcr die automatische Anmeldung<\/li><li>BCSI-CSAC1102EC, eService English<\/li><li>JSESSIONID,&nbsp;eSupportUserName<\/li><li>CF4EMPWD,&nbsp;CF4EMUSER<\/li><\/ul>\n\n\n\n<p><strong><br>\nCookies f\u00fcr Kundenansprache\/Interessen &amp; Freigabe:&nbsp;\n<br><\/strong> Diese Cookies erfassen bestimmte Informationen zum Browsing-Verhalten eines Anwenders und passen Ihr Browsing-Erlebnis auf der Webseite an. Die Cookie-Typen k\u00f6nnen von Ricoh oder von externen Werbenetzwerken platziert werden.\n<br>\nDie auf der Webseite verwendeten Cookies f\u00fcr Kundenansprache\/Interessen &amp; Freigabe speichern den Besuch der Webseite durch einen Anwender und leitet diese Informationen an andere Organisationen, wie Werbeagenturen, weiter. Diese Organisationen bieten Ihnen dann gezieltere Werbung, die mehr auf Sie und Ihre Interessen abgestimmt ist. H\u00e4ufig sind diese Cookies mit der Webseitenfunktion der anderen Organisation verbunden.\n<br>\nDerartige auf der Webseite verwendete Cookies erfassen lediglich Informationen im Zusammenhang mit der von Ihnen verwendeten IP-Adresse.&nbsp; Anhand dieser Informationen werden Sie \u00fcber Produkte und\/oder Services benachrichtigt, die f\u00fcr Sie interessant sein k\u00f6nnten. Diese Cookies k\u00f6nnen ausserdem Informationen zu Ihrem Besuch an Werbeagenturen weiterleiten, damit diese Ihnen Werbung anzeigen kann, die f\u00fcr Sie interessant ist. Weitere Informationen zu dieser Art von interessenbasierter Werbung und zum Deaktivieren dieser Funktion finden Sie auf&nbsp;<a href=\"http:\/\/www.youronlinechoices.com.uk.\/\" target=\"_blank\" rel=\"noreferrer noopener\">www.youronlinechoices.com.uk.<\/a><br>\nDie folgende Liste enth\u00e4lt die auf der Webseite verwendeten Cookies, die als Cookies f\u00fcr Kundenansprache\/Interessen &amp; Freigabe eingestuft wurden:\n<br><\/p>\n\n\n\n<ul class=\"wp-block-list\"><li>Google Analytics<\/li><li>TRACKING_HELPER<\/li><li>Erfassung von Suchschl\u00fcsselw\u00f6rtern<\/li><\/ul>\n\n\n\n<p><strong><br>\nVerwaltung Ihrer Cookie-Einstellungen:&nbsp;&nbsp;\n<br><\/strong> Einige der auf der Webseite verwendeten Cookies werden von uns bearbeitet, w\u00e4hrend andere von Dritten stammen, die in unserem Auftrag Services bereitstellen. Sie k\u00f6nnen Cookies ablehnen, indem Sie Ihre Browser-Einstellungen \u00e4ndern.&nbsp; Weitere Informationen zu Cookies und zum Blockieren von Cookies erhalten Sie unter&nbsp;<a href=\"http:\/\/www.allaboutcookies.org\/\" target=\"_blank\" rel=\"noreferrer noopener\">www.allaboutcookies.org<\/a>. Beachten Sie allerdings Folgendes: Wenn Sie Cookies blockieren oder l\u00f6schen, k\u00f6nnen Sie die Funktionen der Webseite m\u00f6glicherweise nicht vollst\u00e4ndig nutzen.\n<br>\nZus\u00e4tzlich zu Cookies k\u00f6nnen Tracking-GIFs von Ricoh oder Drittanbietern hinsichtlich Ihrer Nutzung der Webseite festgelegt werden.&nbsp; Tracking-GIFs sind kleine Bilddateien im Inhalt der Webseite oder im Text der Marketing-E-Mails oder Newsletter von Ricoh, mit denen Ricoh oder Drittanbieter verstehen k\u00f6nnen, welche Bereiche der Webseite besucht wurden bzw. welche Inhalte von besonderem Interesse sind.\n<br>\nInformationen zu diesen Aktivit\u00e4ten mit dem Browser auf Ihrem Mobiltelefon finden Sie im jeweiligen Handbuch. In der Datenschutzrichtlinie von Ricoh erhalten Sie Einzelheiten zur Nutzung Ihrer pers\u00f6nlichen Daten durch Ricoh, obwohl Sie nicht durch alle von Cookies erfassten Informationen identifiziert werden k\u00f6nnen.\n<br>\nRicoh arbeitet stets daran, eine verbesserte Verwaltung Ihrer Cookie-Einstellungen zu entwickeln. Aufgrund der Weiterentwicklung von Technologien und L\u00f6sungen kann diese Cookie-Richtlinie aktualisiert werden, um derartige Fortschritte in der Technologie und in Verwaltungswerkzeugen f\u00fcr Einstellungen widerzuspiegeln.<\/p>\n\t\t\t\t\t\t\t\t<\/div>\n\t\t\t\t<\/div>\n\t\t\t\t\t<\/div>\n\t\t<\/div>\n\t\t\t\t\t<\/div>\n\t\t<\/section>\n\t\t\t\t<\/div>\n\t\t","protected":false},"excerpt":{"rendered":"<p>Was sind Cookies?&nbsp; Cookies sind kleine Datenteile, die an den Computer ausgegeben werden, wenn Sie eine Webseite besuchen, und in denen Informationen zu Ihrer Nutzung einer Webseite gespeichert und gelegentlich verfolgt werden. Einige der von Ricoh verwendeten Cookies sind nur f\u00fcr die Dauer der Internetsitzung g\u00fcltig und laufen ab, wenn Sie den Browser schliessen. Andere [&hellip;]<\/p>\n","protected":false},"author":1,"featured_media":0,"parent":0,"menu_order":0,"comment_status":"closed","ping_status":"closed","template":"","meta":{"site-sidebar-layout":"default","site-content-layout":"plain-container","ast-site-content-layout":"default","site-content-style":"default","site-sidebar-style":"default","ast-global-header-display":"","ast-banner-title-visibility":"","ast-main-header-display":"","ast-hfb-above-header-display":"","ast-hfb-below-header-display":"","ast-hfb-mobile-header-display":"","site-post-title":"","ast-breadcrumbs-content":"","ast-featured-img":"","footer-sml-layout":"","theme-transparent-header-meta":"default","adv-header-id-meta":"","stick-header-meta":"","header-above-stick-meta":"","header-main-stick-meta":"","header-below-stick-meta":"","astra-migrate-meta-layouts":"default","ast-page-background-enabled":"default","ast-page-background-meta":{"desktop":{"background-color":"","background-image":"","background-repeat":"repeat","background-position":"center center","background-size":"auto","background-attachment":"scroll","background-type":"","background-media":"","overlay-type":"","overlay-color":"","overlay-opacity":"","overlay-gradient":""},"tablet":{"background-color":"","background-image":"","background-repeat":"repeat","background-position":"center center","background-size":"auto","background-attachment":"scroll","background-type":"","background-media":"","overlay-type":"","overlay-color":"","overlay-opacity":"","overlay-gradient":""},"mobile":{"background-color":"","background-image":"","background-repeat":"repeat","background-position":"center center","background-size":"auto","background-attachment":"scroll","background-type":"","background-media":"","overlay-type":"","overlay-color":"","overlay-opacity":"","overlay-gradient":""}},"ast-content-background-meta":{"desktop":{"background-color":"var(--ast-global-color-5)","background-image":"","background-repeat":"repeat","background-position":"center center","background-size":"auto","background-attachment":"scroll","background-type":"","background-media":"","overlay-type":"","overlay-color":"","overlay-opacity":"","overlay-gradient":""},"tablet":{"background-color":"var(--ast-global-color-5)","background-image":"","background-repeat":"repeat","background-position":"center center","background-size":"auto","background-attachment":"scroll","background-type":"","background-media":"","overlay-type":"","overlay-color":"","overlay-opacity":"","overlay-gradient":""},"mobile":{"background-color":"var(--ast-global-color-5)","background-image":"","background-repeat":"repeat","background-position":"center center","background-size":"auto","background-attachment":"scroll","background-type":"","background-media":"","overlay-type":"","overlay-color":"","overlay-opacity":"","overlay-gradient":""}},"footnotes":""},"class_list":["post-531","page","type-page","status-publish","hentry"],"_links":{"self":[{"href":"https:\/\/www.asbeko.ch\/new\/index.php?rest_route=\/wp\/v2\/pages\/531","targetHints":{"allow":["GET"]}}],"collection":[{"href":"https:\/\/www.asbeko.ch\/new\/index.php?rest_route=\/wp\/v2\/pages"}],"about":[{"href":"https:\/\/www.asbeko.ch\/new\/index.php?rest_route=\/wp\/v2\/types\/page"}],"author":[{"embeddable":true,"href":"https:\/\/www.asbeko.ch\/new\/index.php?rest_route=\/wp\/v2\/users\/1"}],"replies":[{"embeddable":true,"href":"https:\/\/www.asbeko.ch\/new\/index.php?rest_route=%2Fwp%2Fv2%2Fcomments&post=531"}],"version-history":[{"count":11,"href":"https:\/\/www.asbeko.ch\/new\/index.php?rest_route=\/wp\/v2\/pages\/531\/revisions"}],"predecessor-version":[{"id":550,"href":"https:\/\/www.asbeko.ch\/new\/index.php?rest_route=\/wp\/v2\/pages\/531\/revisions\/550"}],"wp:attachment":[{"href":"https:\/\/www.asbeko.ch\/new\/index.php?rest_route=%2Fwp%2Fv2%2Fmedia&parent=531"}],"curies":[{"name":"wp","href":"https:\/\/api.w.org\/{rel}","templated":true}]}}